. Let s(l) = 1. Let g(q) = -3*q - 4. Let p(k) = -4*k - 5. Let r(b) = 5*g(b) - 4*p(b). Let y(d) = r(d) + 2*s(d). What is y(v)?
0
Let u(f) be the second derivative of 0 - 1/2*f**3 + 3/2*f**2 - f + 1/24*f**4. Let j(h) be the first derivative of u(h). Give j(4).
1
Let w be 3/(-2 + 2 + 1). Let t(j) = j + j - w*j + 0*j. What is t(5)?
-5
Suppose -v = v - 10. Let o(i) = 4*i**2 - i - i**3 - v - 4*i**2 + i**2. Suppose 3*k = k. Calculate o(k).
-5
Suppose 3*v = -36 + 21. Let i(y) = y**3 + 7*y**2 + 7*y - 1. Determine i(v).
14
Let y(v) = v**3 - 2*v**2 + 14*v - 1 + 0*v - 9*v - 2*v. Determine y(3).
17
Let q(t) = t - 6. Suppose 0 = -3*f + f + 12. Calculate q(f).
0
Let c be 7 - 3/((-3)/(-2)). Let m(a) = a - 8 - 5 + 7. Give m(c).
-1
Let g(s) = s**3 + 5*s**2 - 4. Suppose -5*v - 11 = h + 10, -14 = 3*v + 2*h. Give g(v).
12
Let q(c) be the second derivative of c**4/12 - 5*c**3/6 - 7*c**2/2 - c. Determine q(6).
-1
Let q(r) be the second derivative of -r**3/3 + 2*r. Give q(2).
-4
Let c(k) be the third derivative of -3*k**4/8 - 2*k**3/3 + 8*k**2. Give c(-3).
23
Let h(b) = 15*b - 17*b - 3*b**3 + 5*b**3 + 2*b**2 - 1. Determine h(-3).
-31
Let l(t) = -t**2 - 5*t - 2. Let c be (-3 - -1) + (-2 - -4). Suppose 0 = -c*v - 2*v - 10. What is l(v)?
-2
Let s(t) = -t**2. Let r be s(-1). Let l(j) = -j**3 - 5*j**2 + 6*j + 3. Let x(d) = d**2 - d. Let v(q) = r*l(q) - 6*x(q). Suppose 0 = -u - 2*u. What is v(u)?
-3
Let c = 23 + -19. Let i(o) = -o + 3. Give i(c).
-1
Let u(t) = -4*t**2 - 1. Let j(h) = -4*h - 3. Let m(k) = -k - 1. Let y = -3 + 10. Let n(l) = y*m(l) - 2*j(l). Let f be n(0). Calculate u(f).
-5
Let p(w) = 3*w - 2. Suppose -2*b + 4*b = 0. Let s(r) = -2 + b - r + 3. Let i(z) = 3*p(z) + 7*s(z). Give i(-3).
-5
Let r(z) = z**2 + 10*z - 5. Let v(j) be the first derivative of -j**3 - 21*j**2/2 + 9*j - 2. Let p(f) = -5*r(f) - 2*v(f). Calculate p(6).
-5
Let t(f) = -4*f - 4. Suppose 42 = -h - 6*h. What is t(h)?
20
Let g = -4 - -4. Suppose 2*t + 42 = -g*t. Let c be t/(-6) - 3/6. Let a(b) = b - 2. Calculate a(c).
1
Let p(i) = -2*i + 0 - 2 + 3*i - 2*i. Calculate p(-2).
0
Let l = -1 - 4. Let g(k) = k**3 + 5*k**2 - 4*k - 6. Give g(l).
14
Let k(s) = 2*s + 2. Suppose f + 5*r = -3*f + 69, 2*f - 4*r - 2 = 0. Let l be (-10 + f)/(2/6). What is k(l)?
8
Let x(a) be the second derivative of -a**5/20 - 7*a**4/12 - a**3/6 + a**2/2 + 67*a. What is x(-7)?
8
Let d(y) = y**2 + 4*y. Let z be 1 - 1 - 1/(-1). Let x(v) = 21*v**2 - v. Let p be x(z). Suppose 12*t = 7*t - p. What is d(t)?
0
Let u(t) = -t**3 + 7*t**2 + 8*t. Let j be u(8). Let c(p) = -6*p + 1 - p**2 + j + 1 + 10*p - p**3. Give c(-3).
8
Let h(y) = -4*y - 1. Let z be h(-1). Let l(p) be the third derivative of 0*p + 0 - 1/60*p**5 + 1/12*p**4 - 1/2*p**3 + 4*p**2. Determine l(z).
-6
Suppose 0 = 4*p - 4 - 4. Suppose b + 3 = p. Let l(f) = 3*f**2 + 1. What is l(b)?
4
Let m(r) be the third derivative of -r**8/20160 - r**7/5040 - r**6/720 - r**5/30 + 4*r**2. Let w(t) be the third derivative of m(t). What is w(2)?
-7
Let w = 8 + -6. Suppose 2 = 3*b + o + 13, 5*b = w*o - 33. Let c(n) = -4*n**2 - 4*n + 1. Let z(a) = -5*a**2 - 4*a. Let m(g) = 4*c(g) - 3*z(g). Determine m(b).
-1
Let l(x) = x**2 + 2*x - 1. Let o be ((-2)/3)/((0 + 3)/9). Give l(o).
-1
Let t(x) = 21 - 2*x + 4*x + 3*x - 12. Calculate t(-6).
-21
Suppose -l - 26 = -3*l. Suppose i = 6*i + b - l, -1 = i + 2*b. Let o(a) = -a**2 + 4*a + 1. Determine o(i).
4
Let b(s) = -s**3 + 3*s + 2. Suppose -2*d - m = -0*m + 4, 0 = -2*d + 4*m - 24. Let q be (d - -1)/((-24)/(-16)). What is b(q)?
4
Let d = -2 - -2. Suppose 3*u - s + 1 + 0 = d, 5*s + 25 = 0. Let f(k) = k**3 - k**2 - 2*k + 1. Give f(u).
-7
Suppose 0 = 2*o + 2*o + 12. Let f(d) = -d - 2. Let v be f(o). Let u(x) be the second derivative of 2*x**3/3 - 5*x. Determine u(v).
4
Let g(f) = 7*f**3 + 3*f**2 + 6*f + 6. Let x(m) = 3*m**3 + 2*m**2 + 3*m + 3. Let s(w) = -2*g(w) + 5*x(w). What is s(-3)?
3
Suppose 4*p = 2*p - 16. Suppose 0 = 3*y - 4*y - 6. Let m = y - p. Let i(s) = 2*s - 2. Give i(m).
2
Let b(i) = i**3 + 5*i**2 + 4*i + 6. Suppose -4*f - 20 = 0, -2*d = -2*f - 0 - 2. What is b(d)?
6
Suppose r = -5*l - 12, 6 = -2*r - 3*l + 3. Let h(u) be the second derivative of 3/2*u**2 + u**3 - r*u + 0 - 1/12*u**4. What is h(5)?
8
Let s(d) = -d**2 - 5*d - 3. Let a be 4/3*3/2. Suppose a*o + 9 = -v, 2*v + v - 3 = 0. Let n = 1 + o. Determine s(n).
1
Let s(o) = -5*o**2 - 1. Let a(h) = h**2 + 14*h - 14. Let y be a(-15). Give s(y).
-6
Let n(f) = -f**2 - 2*f + 4. Let z be (-95)/35 + 48/(-21) + 2. Calculate n(z).
1
Let x(g) = -g - 3*g + 2*g + 3. Let u(b) = -6*b - 1. Let m(v) = -5*v - 2. Let h(o) = -5*m(o) + 4*u(o). Let q be h(-4). Give x(q).
-1
Let l be 1*10/45 - 11/9. Let t(m) = -11*m - 1. Give t(l).
10
Let o(r) be the third derivative of 0*r - 1/12*r**4 + 7*r**2 + 1/60*r**5 + 0 - 1/6*r**3. Give o(2).
-1
Suppose -19*h = -5*h - 28. Let p(c) = -c**3 + 2*c**2 - c. Determine p(h).
-2
Let k(p) = -p**2 + 7*p - 3. Let b(z) = 0 - z**2 - 5 - 6*z - 3*z + 2*z. Let i be b(-5). What is k(i)?
7
Let w(f) = 3*f + 3. Let x(u) = 3*u + 2. Let v(g) = 3*w(g) - 4*x(g). Give v(4).
-11
Let y(t) = 11*t**2 + t + 9. Let n(h) = 5*h**2 + 4. Let i(p) = -13*n(p) + 6*y(p). Let j(k) = k**2 + 13*k - 4. Let u be j(-13). Determine i(u).
-6
Let b(t) be the second derivative of t**3/6 + 7*t**2/2 - t. Let k be b(-4). Let d(m) = -m. Calculate d(k).
-3
Let n(z) = -4*z + z**2 + 3*z + 2*z + 4 - 3. Calculate n(-3).
7
Suppose -i + 3*v = -3, -i - 4*i = 5*v + 5. Let a(q) = -q**3 + q**2 - 11. Give a(i).
-11
Suppose 0 = 5*s - 9*s + 12. Let o(b) = -2*b**3 + 4*b**2 + 2*b - 3. Give o(s).
-15
Let o(c) = -3*c + 19. Let x(s) = -2*s + 10. Let b(n) = -3*o(n) + 5*x(n). Calculate b(-6).
-1
Let s(w) be the second derivative of -w**6/360 + w**5/20 + w**4/8 - w**3/2 + 3*w. Let t(r) be the second derivative of s(r). Give t(5).
8
Let v(t) = -2*t**2 - 2*t. Suppose 1 + 3 = y. Suppose -a + 4*a = 3*d + 18, -2*a = y*d + 12. Calculate v(a).
-12
Let q be 4/14 - ((-320)/(-70))/2. Let m(o) = 4*o**3 + 2*o**2 - o + 1. Give m(q).
-21
Let q(v) be the third derivative of v**5/30 - v**3/6 - v**2. Suppose -4*d + 8*d - 4*p = -8, 2*d - 2 = -p. Suppose -3*c + c - 2 = d. Calculate q(c).
1
Let r(v) = -3*v + 2*v**2 - 18*v**3 - 4 + v + 10 - 5. Calculate r(1).
-17
Let m(w) = -2*w**2 + 5*w - 4. Let h be m(2). Let l(o) = -o**3 - 3*o**2 - 4*o - 3. What is l(h)?
1
Let g(z) = -z**2 - 4*z - 4. Let u be g(-4). Let f(p) = p**2 + 4*p - 5. Give f(u).
-5
Let l(k) = 8*k + 1 - k - 7 - k**2 - 2*k. Calculate l(4).
-2
Let x(w) be the second derivative of w**3/6 + 7*w**2/2 - w. Suppose l = 4*f - 2*l + 47, -45 = 5*f - l. Let m be x(f). Let o(n) = 2*n + 1. Determine o(m).
-1
Let c(m) = -2*m. Let j(q) = -q**2 - 4*q + 1. Let z(x) = -5*c(x) + 2*j(x). Let r = 8 + -12. Let l = 6 + r. Determine z(l).
-2
Let w(n) = 88*n + n**3 - 90*n - 6 + 2 - 4*n**2. Determine w(5).
11
Let q be 3 + 8/(-20)*5*2. Let b(i) = 3*i**2 - i - 1. What is b(q)?
3
Suppose -4*t - 1 + 9 = 0. Suppose q - 10 = 4*g + 11, 8 = -t*g. Let j(n) be the second derivative of n**4/12 - 5*n**3/6 + n**2 + n. Calculate j(q).
2
Let z(l) = 7*l + 0 + 0*l - 1 - l**2. Let t(f) = -f**2 + 8*f. Let o(x) = 5*t(x) - 6*z(x). Let b(c) = -c. Let y(a) = 5*b(a) + o(a). Calculate y(4).
-6
Let g(j) = -j**3 - 6*j**2 + 8*j - 2. Let r be g(-7). Let i be (-30)/r + (-2)/(-3). Let s(a) = 2 + 2*a - 10*a**2 + 1 - i. Give s(1).
-9
Let h(o) = o - 2. Let p be h(7). Suppose 0*y + 6 = y + 5*u, 0 = -4*y - u + p. Let m(r) = -9*r. Calculate m(y).
-9
Let t(a) = 5*a - 5. Let g be t(2). Let l(k) be the second derivative of k**4/12 - 2*k. Let f(c) = -7*c**2 + 3*c + 6. Let w(x) = f(x) + 6*l(x). What is w(g)?
-4
Let j(z) = -z + 27. Let k be j(14). Let q = k + -9. Let y(u) = 3*u - 4. Determine y(q).
8
Let u(h) = 4*h + 39. Let o be u(-11). Let l(w) = 5*w - 2*w - w + 6. Determine l(o).
-4
Suppose -4*j + 4 = 7*z - 3*z, 3*z = 5*j - 13. Let u(i) = i**3 + i**2 - i - 1. Let r(w) = 7*w**3 + 4*w**2 - 5*w - 4. Let f(t) = r(t) - 6*u(t). Give f(j).
4
Let s(i) be the third derivative of i**6/120 - i**5/15 - i**4/3 + 2*i**3/3 - 10*i**2. Let w = 5 + 0. Calculate s(w).
-11
Let w(a) = a**3 - 4*a**2 + a - 1. Let s be 18/8 + (-17)/68. What is w(s)?
-7
Let n be 6/(2 + -5) + 1. Let z(f) = -1 + 3 + 11*f + 0 - 1. What is z(n)?
-10
Let x(u) = -u + 6*u + 3 - 4*u - u**2. Give x(-3).
-9
Let m(k) = 1